mainder when j is divided by (-15 + -11)*2/p.
11
Suppose -m + 9 = 2*m. Suppose 0 = -4*p - m + 7. Calculate the remainder when 2 is divided by p.
0
Let l(o) = o**3 + 5*o**2 - 9*o - 7. Let m be l(-9). Let b be m/4 + 3/(-6). What is the remainder when 14/b - 371/(-9) is divided by 14?
13
Let i(g) = -g + 4. Let f(n) = -3. Let c(l) = -6*f(l) - 5*i(l). Suppose 3*d - 14 = h + 8*d, -h = 4*d + 10. What is the remainder when c(h) is divided by 10?
8
Suppose 57 = 5*v - 13. Let b(q) = 5*q + 5. Let o = 13 + -6. What is the remainder when b(o) is divided by v?
12
Let d = 46 - 33. Suppose -2*f - 2*h + 74 = -0*h, -148 = -4*f + 2*h. What is the remainder when f is divided by d?
11
Suppose 11*n + 9 = 14*n. Calculate the remainder when 9 is divided by n.
0
Suppose 3 = r - 2. Let j = 1 + 8. What is the remainder when j is divided by r?
4
Let j be (-1 + -1)/(2/(-1)). Let s = j + 22. Suppose 3*y - 5*y = -16. Calculate the remainder when s is divided by y.
7
Let d = 7 + -7. Suppose -3*r + d*r = -105. What is the remainder when r is divided by 12?
11
Let j(a) = a + 7. What is the remainder when -1*(1 - 2 - 3) is divided by j(-5)?
0
Suppose -2*u + 86 = 2*b - 28, -b - 3*u = -67. Calculate the remainder when b is divided by 27.
25
Let k = 28 - 16. Suppose -3*b = -2*b + 5. Calculate the remainder when k is divided by 2 - (1 + 0)*b.
5
Let g = 26 - 16. Calculate the remainder when 16 is divided by g.
6
Suppose 2*i - 25 = 2*h + 47, -4*h = 16. Calculate the remainder when 91 is divided by i.
27
Let s = 13 - -19. Suppose -2*t = -6*t + s. Calculate the remainder when 274/18 - (-10)/(-45) is divided by t.
7
Suppose 4*r - 148 = -0. What is the remainder when r is divided by 8?
5
Let d(i) = -i**3 - i**2 - i + 4. Let k(z) = -z**2 - 7*z - 6. Let x be k(-6). What is the remainder when 19 is divided by d(x)?
3
Let d = -4 - -14. Let s be (-1)/2 - (-35)/d. Suppose -s*c = 2*c + 2*f - 32, 4*c - 19 = 5*f. What is the remainder when 17 is divided by c?
5
Let d be 32/12 - (-1)/3. Suppose -d*b + 11 = -4. What is the remainder when 8 is divided by b?
3
Suppose -5*x + 5*m = -110, x - 2*m = -4*x + 125. Calculate the remainder when 105 is divided by x.
24
Let q = -4 - -1. Let k(s) = -3*s**3 - 4*s**2 - 4*s - 3. Calculate the remainder when k(q) is divided by 14.
12
Suppose 4*m = -5*a - 3, 0 = -0*a - 2*a - 6. Suppose m*o - 43 = 272. Suppose 5*k - o = -35. Calculate the remainder when 40 is divided by k.
12
Calculate the remainder when (16/2)/(8/36) is divided by 19.
17
Suppose 0 = 5*q - 3*x - 204, -3*q = 5*x - 53 - 83. What is the remainder when q is divided by 15?
12
Suppose 0 = -4*l - 4*m + 128, -l - 40 = -2*l - 5*m. What is the remainder when 119 is divided by l?
29
Suppose 22 = -5*k - 2*l, -11 - 3 = 3*k + 2*l. What is the remainder when (8/(-6))/(k/138) is divided by 16?
14
Let q = -2 + 12. Suppose 0 = 5*j - q - 20. What is the remainder when 23 is divided by j?
5
Suppose 0 = 3*y - 0*y - 102. Let k be (y/(-5))/((-1)/5). Let m = 52 - k. Calculate the remainder when 35 is divided by m.
17
Suppose -5*v = -4*t + 46, 0 = -4*t + 2*v + 16 + 24. Calculate the remainder when 24 is divided by t.
6
Let h(i) = i**2 - 5*i + 1. Let b be h(5). Calculate the remainder when -2 + (1 - (b + -15)) is divided by 5.
3
Suppose -11 = l - 0*l. Let m = -4 + -2. Let n = m - l. Calculate the remainder when 14 is divided by n.
4
What is the remainder when -3*((-42)/9 + -3) is divided by 1*2/(-3)*-12?
7
Suppose 4 = 4*v + 3*a, -2*v + 3*a + 12 = 2*a. Suppose o - 2 = -5*b - 0, -v*b = -4*o - 16. Calculate the remainder when 1 is divided by b.
0
Let k = 10 - 6. Suppose 5*c + k*y = 61, -c - c + y + 27 = 0. Calculate the remainder when c is divided by 7.
6
Suppose 2*r = -2*z + 63 + 7, 12 = -3*z. What is the remainder when 155 is divided by r?
38
Let c(z) = -16*z**3 + 2*z**2 + z. Let x be 3 + (-4 - (1 - 1)). Calculate the remainder when 50 is divided by c(x).
16
Suppose 5*b - 12 = 3. Suppose 2*c = -3*h + 10, c = b*h - 3 - 19. Calculate the remainder when h/10 - (-344)/10 is divided by 12.
11
Suppose 3*v + 72 = 4*d, -5*d + 90 = -0*d + 2*v. Suppose -2*c - 24 = 3*y - 104, 3*c - 4*y = 86. Calculate the remainder when c is divided by d.
16
Let b = 86 - 70. Let i be (3 - 2) + -6 + -1. Let l(q) = -8*q - 2. What is the remainder when l(i) is divided by b?
14
Suppose 2*q = -0*q + 8. Suppose -q*p + 264 = -68. Calculate the remainder when p is divided by 28.
27
Let f(q) = q**3 + 6*q**2 + 5*q + 3. Let n be f(-5). Suppose -4*t - 5*m = -54, n*t + m = -m + 37. What is the remainder when 43 is divided by t?
10
Let o = 34 + -25. Calculate the remainder when 33 is divided by o.
6
Let p(a) = -2*a**2 + 16*a - 9. Let x(u) = u**2 - 8*u + 4. Let z(f) = -6*p(f) - 13*x(f). What is the remainder when z(4) is divided by 5?
3
Let t be 56/42 + 8/3. Suppose -2 - 2 = -t*y. What is the remainder when y is divided by 1?
0
Let t(q) = -10*q + 1. What is the remainder when t(-3) is divided by (-12)/18 - (3 + 132/(-9))?
9
Let t(b) = -4 - 14*b + 16*b - b**2 + 2*b**2 - 1. Calculate the remainder when 36 is divided by t(4).
17
Let p = 4 - 2. Suppose -3*l - p*h - 53 = 0, -5*h - 3 - 2 = 0. Let u = -7 - l. What is the remainder when 18 is divided by u?
8
Suppose 0 = -3*f - 2*f + 90. Let n = f - 6. Suppose 0 = 5*v + i - 0*i - 36, -3*i - 18 = -3*v. What is the remainder when n is divided by v?
5
Let z(w) = 3*w - 22. Let x(d) = -d**2 - 6*d + 4. Suppose -n = p + 3, -3*n - 20 = 2*p - 8*n. Calculate the remainder when x(p) is divided by z(9).
4
Let j = 164 + -149. Suppose -39 = -5*n + 3*b + 10, 5*b + 15 = 0. What is the remainder when j is divided by n?
7
Let x be -3 - 1*0/2. Calculate the remainder when (x - (-2)/(-4))*-2 is divided by 4/6 - 20/(-6).
3
Let v be 4 - -4*(-3)/12. Suppose -d - 2 = d - v*w, 12 = 3*d + 3*w. What is the remainder when d is divided by 2?
0
Let s = -191 - -319. Suppose -h + s = -5*g, 3*h - 367 = -3*g + 107. Let k = -107 + h. Calculate the remainder when k is divided by 24.
22
Let y be 3*(0 + (-2)/6). Let a be 2 - y - 15/3. Calculate the remainder when 17 is divided by (-24)/2*a/4.
5
Let z(v) = -29*v**3 + 2*v + 1. What is the remainder when 54 is divided by z(-1)?
26
Let w = 11 + 41. Let r(f) = f**3 - 3*f**2 - 5*f - 7. What is the remainder when w is divided by r(5)?
16
Let z = -9 - -11. Suppose -z*v = -5*n - 45, 0*v = -4*v - 3*n + 103. Let u(q) = q**2 + 4*q - 7. Calculate the remainder when v is divided by u(-7).
11
Suppose -4*n - 5*m + 43 = -0*m, -2*n + 4*m = -54. What is the remainder when (1 + (-71)/5)*-5 is divided by n?
15
Suppose 3*g - c = 142, -g + 5*g - 5*c = 193. Calculate the remainder when g is divided by (-8 - 0)*(-12)/6.
15
Suppose 0 = -4*s - 5*f + 388 - 72, 2*f = 2*s - 140. Let r = -13 + 38. What is the remainder when s is divided by r?
24
Suppose 3*s + 6 = 0, -2*s + 6 - 60 = 5*j. What is the remainder when 44 is divided by (-3)/(-1 - 8/j)?
14
Suppose 2*a = a + 3. Suppose 2*n + 76 + 72 = 5*v, a*v + n - 91 = 0. Calculate the remainder when v is divided by 16.
14
Let f(l) = l - 2. Let m be f(6). Suppose -5 = c + m*c. What is the remainder when 6 is divided by (c - -5)*(-2 + 3)?
2
Suppose k = 3*k - 54. Let b = k - 49. Let h = b - -34. Calculate the remainder when 21 is divided by h.
9
What is the remainder when 165 is divided by 118/2 - (-7 - -10)?
53
Let v(j) = j**2 - 4*j - 2. What is the remainder when v(9) is divided by 15?
13
Let o = -55 - -37. Let s be (-2)/((3/2)/3). What is the remainder when 8 is divided by (o/(-15))/(s/(-10))?
2
Let z be -2 + 0 - 12 - 0. Let d = z - -19. What is the remainder when d is divided by 2?
1
Let k = 18 + -5. Suppose -3 = -3*r + 69. What is the remainder when r is divided by k?
11
Let x(z) = -z**3 - 6*z**2 + 5*z - 9. Let k be x(-7). Suppose -k*c - 10 + 210 = 0. What is the remainder when c is divided by 14?
12
Let r = -99 - -121. What is the remainder when 196 is divided by r?
20
Let j(i) = -i**3 - 9*i**2 + 7*i - 1. Let u = -9 - -3. Let h = u - -16. What is the remainder when j(-10) is divided by h?
9
Let q(t) = -t**3 - 2*t**2 + 4*t + 4. Suppose 0*p + 15 = -5*p. Let r be q(p). Calculate the remainder when (75/(-6))/(r/(-2)) is divided by 13.
12
Let f(u) = 2*u**2 - 3*u - 4. Let m = -10 + 15. Calculate the remainder when f(m) is divided by 8.
7
Let u be -1 + (-3)/((-6)/14). Suppose 0 = -5*w + 2*w + u. Cal